{"id":11782,"date":"2025-10-26T12:50:05","date_gmt":"2025-10-26T12:50:05","guid":{"rendered":"https:\/\/rockersdelight.at\/shop\/?post_type=product&#038;p=11782"},"modified":"2025-11-01T13:52:03","modified_gmt":"2025-11-01T13:52:03","slug":"rockerbellas-3","status":"publish","type":"product","link":"https:\/\/rockersdelight.at\/shop\/produkt\/rockerbellas-3\/","title":{"rendered":"Sadomavo"},"content":{"rendered":"<p>Sadomavo &#8211; Sanddorn Marillen Vodka &#8211; mit einer kleinen Menge purem Sanddorn Saft und jeder Menge Marivo komponiert und mit Golser Moonshine Vodka verfeinert \u2013 sauer macht lustig<\/p>\n<p>Dieses Produkt enth\u00e4lt Alkohol und wir nicht an Personen unter 18 Jahren verkauft!<\/p>\n","protected":false},"excerpt":{"rendered":"<p>Aus der Reihe: Die besten Fr\u00fcchten der Saison komponiert und mit Golser Moonshine Vodka verfeinert \u2013 Sanddorn Saft aus dem Marchfeld mit seiner unvergleichbaren S\u00e4ure mit dem legend\u00e4ren Marivo Lik\u00f6r gemischt. S\u00e4uerlich-fruchtig!<\/p>\n<p> <a class=\"more-link\" href=\"https:\/\/rockersdelight.at\/shop\/produkt\/rockerbellas-3\/\">Weiterlesen<\/a><\/p>","protected":false},"featured_media":11786,"comment_status":"closed","ping_status":"closed","template":"","meta":[],"product_brand":[],"product_cat":[19],"product_tag":[],"class_list":{"0":"post-11782","1":"product","2":"type-product","3":"status-publish","4":"has-post-thumbnail","6":"product_cat-likoere","8":"first","9":"instock","10":"taxable","11":"shipping-taxable","12":"purchasable","13":"product-type-variable"},"jetpack_sharing_enabled":true,"_links":{"self":[{"href":"https:\/\/rockersdelight.at\/shop\/wp-json\/wp\/v2\/product\/11782","targetHints":{"allow":["GET"]}}],"collection":[{"href":"https:\/\/rockersdelight.at\/shop\/wp-json\/wp\/v2\/product"}],"about":[{"href":"https:\/\/rockersdelight.at\/shop\/wp-json\/wp\/v2\/types\/product"}],"replies":[{"embeddable":true,"href":"https:\/\/rockersdelight.at\/shop\/wp-json\/wp\/v2\/comments?post=11782"}],"wp:featuredmedia":[{"embeddable":true,"href":"https:\/\/rockersdelight.at\/shop\/wp-json\/wp\/v2\/media\/11786"}],"wp:attachment":[{"href":"https:\/\/rockersdelight.at\/shop\/wp-json\/wp\/v2\/media?parent=11782"}],"wp:term":[{"taxonomy":"product_brand","embeddable":true,"href":"https:\/\/rockersdelight.at\/shop\/wp-json\/wp\/v2\/product_brand?post=11782"},{"taxonomy":"product_cat","embeddable":true,"href":"https:\/\/rockersdelight.at\/shop\/wp-json\/wp\/v2\/product_cat?post=11782"},{"taxonomy":"product_tag","embeddable":true,"href":"https:\/\/rockersdelight.at\/shop\/wp-json\/wp\/v2\/product_tag?post=11782"}],"curies":[{"name":"wp","href":"https:\/\/api.w.org\/{rel}","templated":true}]}}